of 312855?
3, 5, 20857
What are the prime factors of 326070?
2, 3, 5, 3623
List the prime factors of 3015940.
2, 5, 150797
What are the prime factors of 12351577?
7, 19, 13267
List the prime factors of 10461821.
59, 177319
List the prime factors of 6012793.
137, 43889
What are the prime factors of 3487883?
7, 137, 3637
List the prime factors of 240666.
2, 3, 40111
List the prime factors of 18302512.
2, 257, 4451
List the prime factors of 3433933.
37, 92809
What are the prime factors of 163358?
2, 13, 61, 103
List the prime factors of 4506648.
2, 3, 19, 9883
List the prime factors of 3273097.
229, 14293
What are the prime factors of 313793?
167, 1879
What are the prime factors of 8793155?
5, 7, 251233
List the prime factors of 16198514.
2, 8099257
List the prime factors of 3346618.
2, 11, 13829
List the prime factors of 1044180.
2, 3, 5, 5801
What are the prime factors of 175369?
157, 1117
What are the prime factors of 286567?
509, 563
List the prime factors of 1926123.
3, 31, 139, 149
List the prime factors of 11497.
11497
List the prime factors of 3817341.
3, 11, 12853
List the prime factors of 1662.
2, 3, 277
What are the prime factors of 261615?
3, 5, 107, 163
List the prime factors of 26177528.
2, 13, 251707
What are the prime factors of 57530?
2, 5, 11, 523
What are the prime factors of 35968976?
2, 19, 179, 661
What are the prime factors of 585630?
2, 3, 5, 241
List the prime factors of 446254.
2, 43, 5189
List the prime factors of 12518902.
2, 11, 17, 179
What are the prime factors of 1662606?
2, 3, 11, 311
What are the prime factors of 174534?
2, 3, 19, 1531
What are the prime factors of 484456?
2, 7, 41, 211
What are the prime factors of 925407?
3, 7, 37, 397
What are the prime factors of 284006?
2, 211, 673
List the prime factors of 2952014.
2, 13, 113539
What are the prime factors of 196280?
2, 5, 7, 701
List the prime factors of 753649.
13, 57973
List the prime factors of 260423.
17, 15319
List the prime factors of 392737.
392737
What are the prime factors of 9745293?
3, 3248431
List the prime factors of 169058.
2, 137, 617
What are the prime factors of 113299?
137, 827
List the prime factors of 76642.
2, 38321
List the prime factors of 740132.
2, 41, 4513
List the prime factors of 310488.
2, 3, 17, 761
What are the prime factors of 235825?
5, 9433
List the prime factors of 3134208.
2, 3, 7, 11, 53
List the prime factors of 86437.
13, 61, 109
List the prime factors of 18481877.
3739, 4943
List the prime factors of 903550.
2, 5, 17, 1063
List the prime factors of 330892.
2, 82723
List the prime factors of 347194.
2, 67, 2591
List the prime factors of 390171.
3, 130057
List the prime factors of 2431339.
137, 17747
List the prime factors of 1696664.
2, 23, 9221
What are the prime factors of 93403?
23, 31, 131
List the prime factors of 1951110.
2, 3, 5, 7, 19, 163
What are the prime factors of 3067750?
2, 5, 7, 1753
List the prime factors of 62468.
2, 7, 23, 97
List the prime factors of 1134862.
2, 47, 12073
List the prime factors of 4080301.
4080301
List the prime factors of 3514578.
2, 3, 491, 1193
What are the prime factors of 77108?
2, 37, 521
What are the prime factors of 8194516?
2, 11, 186239
List the prime factors of 172052.
2, 43013
What are the prime factors of 53653?
53653
What are the prime factors of 79364?
2, 19841
What are the prime factors of 16413393?
3, 73, 149, 503
List the prime factors of 389489.
47, 8287
What are the prime factors of 811245?
3, 5, 54083
List the prime factors of 6152175.
3, 5, 37, 739
What are the prime factors of 146513?
146513
List the prime factors of 1473850.
2, 5, 7, 4211
What are the prime factors of 24708676?
2, 439, 14071
List the prime factors of 87595.
5, 17519
List the prime factors of 1908048.
2, 3, 127, 313
What are the prime factors of 5894377?
5894377
What are the prime factors of 85405?
5, 19, 29, 31
List the prime factors of 1770120.
2, 3, 5, 11, 149
What are the prime factors of 170989?
7, 13, 1879
List the prime factors of 3155818.
2, 1577909
List the prime factors of 7913743.
1601, 4943
What are the prime factors of 8664269?
251, 34519
List the prime factors of 1888188.
2, 3, 157349
What are the prime factors of 8494004?
2, 733, 2897
What are the prime factors of 45482?
2, 22741
List the prime factors of 1191731.
1191731
List the prime factors of 4288040.
2, 5, 107201
List the prime factors of 7607823.
3, 17, 149173
What are the prime factors of 16141772?
2, 17, 237379
What are the prime factors of 809038?
2, 31, 13049
List the prime factors of 809249.
7, 193, 599
List the prime factors of 3000849.
3, 941, 1063
What are the prime factors of 34018395?
3, 5, 1193, 1901
List the prime factors of 20066565.
3, 5, 19, 181, 389
What are the prime factors of 82003?
82003
What are the prime factors of 335343?
3, 111781
List the prime factors of 3451264.
2, 59, 457
What are the prime factors of 30461?
83, 367
What are the prime factors of 52101?
3, 7, 827
What are the prime factors of 8747972?
2, 2186993
What are the prime factors of 33966873?
3, 1321, 2857
List the prime factors of 15427948.
2, 3856987
What are the prime factors of 199361?
31, 59, 109
What are the prime factors of 1428158?
2, 151, 4729
List the prime factors of 9740465.
5, 7, 83, 479
List the prime factors of 2568356.
2, 7, 29, 3163
List the prime factors of 151910.
2, 5, 11, 1381
What are the prime factors of 231290?
2, 5, 101, 229
List the prime factors of 43460019.
3, 67, 72073
What are the prime factors of 1993531?
1993531
List the prime factors of 270228.
2, 3, 7, 3217
List the prime factors of 3276668.
2, 819167
List the prime factors of 761537.
7, 108791
List the prime factors of 307142.
2, 11, 23, 607
List the prime factors of 3540155.
5, 708031
List the prime factors of 5306247.
3, 589583
What are the prime factors of 138565?
5, 7, 37, 107
What are the prime factors of 1327518?
2, 3, 73751
What are the prime factors of 664119?
3, 911
What are the prime factors of 4693606?
2, 2346803
List the prime factors of 1491630.
2, 3, 5, 7, 7103
What are the prime factors of 355926?
2, 3, 137, 433
List the prime factors of 622966.
2, 67, 4649
What are the prime factors of 167896?
2, 31, 677
List the prime factors of 428658.
2, 3, 71443
List the prime factors of 26292254.
2, 107, 122861
List the prime factors of 1283234.
2, 37, 17341
What are the prime factors of 220742?
2, 19, 37, 157
List the prime factors of 300120.
2, 3, 5, 41, 61
List the prime factors of 285890.
2, 5, 11, 23, 113
What are the prime factors of 248268?
2, 3, 17, 1217
List the prime factors of 2217783.
3, 467, 1583
List the prime factors of 2630800.
2, 5, 6577
What are the prime factors of 11153829?
3, 173, 21491
What are the prime factors of 4635616?
2, 31, 4673
What are the prime factors of 796830?
2, 3, 5, 26561
What are the prime factors of 158743?
13, 12211
What are the prime factors of 125884?
2, 11, 2861
List the prime factors of 14748707.
17, 867571
List the prime factors of 1485594.
2, 3, 11, 41, 61
List the prime factors of 273747.
3, 91249
List the prime factors of 27443.
13, 2111
List the prime factors of 15025386.
2, 3, 241, 10391
List the prime factors of 9004402.
2, 11, 409291
What are the prime factors of 66178?
2, 7, 29, 163
What are the prime factors of 184224?
2, 3, 19, 101
What are the prime factors of 704981?
191, 3691
What are the prime factors of 24868051?
13, 29, 65963
List the prime factors of 16951195.
5, 3390239
What are the prime factors of 10492249?
1109, 9461
List the prime factors of 56597.
56597
List the prime factors of 233230.
2, 5, 83, 281
List the prime factors of 6417686.
2, 11, 487, 599
What are the prime factors of 240438?
2, 3, 11, 3643
What are the prime factors of 8151671?
11, 741061
List the prime factors of 359309.
19, 18911
List the prime factors of 1087793.
7, 155399
List the prime factors of 6772076.
2, 643, 2633
What are the prime factors of 208852?
2, 7, 7459
List the prime factors of 1369470.
2, 3, 5, 191, 239
What are the prime factors of 27226896?
2, 3, 193, 2939
What are the prime factors of 501032?
2, 7, 23, 389
List the prime factors of 2881198.
2, 19, 75821
List the prime factors of 52709.
52709
List the prime factors of 22350.
2, 3, 5, 149
What are the prime factors of 888245?
5, 59, 3011
What